75 + -1572. Suppose 6 = -v*c - 6. Determine x(c).
8
Let n(c) = -2*c**2 - 2*c. Let g(d) = -46*d**2 + 11*d + 2. Let u(b) = g(b) + 4*n(b). Calculate u(-1).
-55
Let q(h) = h**2 - h + 5. Let p be (132/(-20))/((-4)/440). Let i = p - 726. Calculate q(i).
5
Let p(w) = -90*w**2 - 16*w - 27. Let c(a) = -23*a**2 - 4*a - 7. Let k(r) = 11*c(r) - 3*p(r). Determine k(-1).
17
Let k = 29 + -10. Let r(h) = 56*h - 36. Let i(u) = -363*u + 214. Let c(o) = -2*i(o) - 13*r(o). Calculate c(k).
2
Let y(h) be the second derivative of 21*h**3/2 + 191*h**2 - 227*h + 1. What is y(-6)?
4
Let l(s) = -s**2 + 2*s - 1. Let j = -151 - -155. Suppose 24 = -5*i + j. Give l(i).
-25
Let r(a) = -13*a + 38. Let h(k) = 27*k + 2839. Let w be h(-105). Calculate r(w).
-14
Let j(r) = -9*r**3 + 21*r**2 + 14. Let b(i) = 5*i**3 - 11*i**2 - 7. Suppose 0 = -2*a + 6*q - 3*q - 4, 3*a - 4*q = -4. Let l(h) = a*j(h) + 7*b(h). Give l(7).
7
Let a(s) be the first derivative of -s**4/4 + 5*s**3/3 + s**2/2 - 2*s + 6943. Suppose -12 = 3*o, 2*l + 12 - 36 = 3*o. Calculate a(l).
-32
Let s(z) be the first derivative of -z**4/4 + 5*z**3/3 + 8*z**2 - 19*z + 4496. What is s(7)?
-5
Let c(b) be the second derivative of b**6/360 + b**5/20 + b**4/8 + 25*b**3/2 - 43*b. Let z(h) be the second derivative of c(h). Give z(-8).
19
Suppose -4*p + 3*t - 20 = 36, 0 = 3*p - 3*t + 45. Let w(k) = -9*k - 36. Let a(o) = -4*o - 19. Let c(d) = -5*a(d) + 2*w(d). What is c(p)?
1
Let i(j) = j + 4. Suppose -12 = -12*l + 12. Suppose 0 = -m - l*z + 1, -2*z - 3 - 3 = 0. Give i(m).
11
Let d(m) = m - 14. Suppose 82*u = 86*u - k - 121, 4*u + 2*k = 118. Determine d(u).
16
Let s(l) = 5*l**2 - 214*l + 409. Let m be s(2). Let q(y) be the second derivative of y**5/2 + y**4/12 + y. Calculate q(m).
11
Let g = 4 - -4. Let m(l) = -2*l**2 - 17*l - 1. Let x(t) = t**2 + 13*t + 2. Let u(a) = 2*m(a) + 3*x(a). Determine u(g).
-20
Let g(p) be the first derivative of -p**3/3 - 3*p**2 + 8*p + 740. Let o = -16 + 10. Determine g(o).
8
Let y(f) = f**3 - 2*f**2 - 2*f - 3. Let l be y(3). Let r(i) be the third derivative of -i**6/120 - i**4/24 - 4*i**3/3 + 8*i**2 + 4. Calculate r(l).
-8
Suppose 6*r + 204 - 54 = 0. Let a = 19 + r. Let y(z) = -z**2 - 8*z - 6. Calculate y(a).
6
Let b(h) = 7*h**2 + 12*h - 6 - 6*h**2 - 9 + 9*h**2 - h**3 - 1. Determine b(11).
-5
Let n(q) = -2*q**2 + q - 2. Let f(h) = h**2 + 3*h + 12. Let t(x) = -f(x) - n(x). What is t(6)?
2
Let a = -413 + 415. Let m(s) = -s**2 - 11*s - 10. Let z(g) = 4*g**2 + 45*g + 42. Let d(c) = a*z(c) + 9*m(c). Suppose -3*r = -5*t - 41, 4*r - 6 = 2. Give d(t).
8
Let h be 12*2/(-1 - (-18)/6). Let y(n) = -10 + 6*n + 3*n**2 + 8*n**2 + 7*n + 2*n**3 - 3*n**3. Determine y(h).
2
Let r(i) = -8*i**2 + i - 1. Let c(o) = -21*o**2 + 10*o + 10. Let j(d) = c(d) - 3*r(d). Give j(-4).
33
Let r(z) = z**3 - 2*z**2 + 5*z - 4. Let y = 35 - 32. Let d(x) = 1 + 5 + y*x - 11 + 2. Let b be d(2). Calculate r(b).
20
Let h(k) = k**2 - 6*k - 5. Let g(z) = -44*z + 51. Let x(m) = 19*m - 24. Let y(u) = 3*g(u) + 7*x(u). Let i = -36 + 59. Let b be y(i). Give h(b).
11
Let j(c) = -69*c + 17. Let s(m) = 8*m - 2. Let b(u) = 6*j(u) + 51*s(u). Give b(2).
-12
Let x(v) be the first derivative of v**4/4 + 2*v**3/3 - v**2/2 - 26*v - 1049. Calculate x(0).
-26
Let l = -9061 + 18123/2. Let a(u) be the second derivative of -8*u - u**3 - l*u**2 + 0. Determine a(1).
-7
Let c be (-40)/(-15)*(0 + 9/6). Let o = c + 1. Suppose o*q = -3*k + 34, k - 23 = -2*q - 2*q. Let g(d) = 2*d - 5. Determine g(q).
5
Let k(u) be the first derivative of -u**4/2 - 2*u**3/3 - u**2 - 2*u + 1311. Calculate k(-2).
10
Let k(u) = -6*u + 65. Let y be ((-72)/90)/((-1)/15). Give k(y).
-7
Let c(q) = q**2 - 9*q + 6. Let x(p) = 35*p**2 - 33*p**2 + 2 + 2*p - 7 + 0. Let w be x(2). Calculate c(w).
-8
Let z(h) = -2*h**3 + 3*h**2 - 6*h - 8. Let u(y) = -2*y**3 + 3*y**2 - 7*y - 9. Suppose -3*q = 3*q + 36. Let r(f) = q*u(f) + 7*z(f). What is r(2)?
-6
Let l(a) be the second derivative of a**3/3 + 6*a**2 - 14*a. Let t be l(-5). Let f(x) = -9 + 0*x**2 - 4*x - x**3 + 0*x**t + 5*x. Determine f(0).
-9
Let n(j) = j**3 + j**2 - 8*j + 3. Let b be n(3). Let m be b/(-5) - (-11 - 6). Suppose -75 = m*l + l. Let w(u) = -u**2 - 4*u. Give w(l).
-5
Suppose 3*d - 10 + 35 = g, 5*g = -2*d - 45. Let o(y) = 2*y + 27. What is o(d)?
7
Suppose -16 - 17 = -11*b. Let j be 0*b/(-33)*2/(-4). Let k(r) = r**2 - r - 4. What is k(j)?
-4
Let a(y) = 11*y - 20. Let f(c) be the third derivative of -c**4/6 + 7*c**3/6 + 42*c**2. Let u(j) = 3*a(j) + 8*f(j). Calculate u(4).
0
Let m(c) = -c**3 - 5*c - 25. Let p be m(-3). Suppose 2*a = -10, k + 5*a = -0*k - p. Let s(q) = q**3 - 8*q**2 - q + 14. Calculate s(k).
6
Let j be (0 - (-3 - (-9)/21))*7. Let f(i) = -j*i - 14 + 2 + 17*i - 3 - 5. Give f(0).
-20
Let z(j) be the third derivative of -j**6/120 - j**5/15 - j**4/8 + j**3/6 + 66*j**2. Let l = -5 - 10. Let a = l - -12. Determine z(a).
1
Let n(g) = 2*g**2 - g + 2. Let c(u) = -3*u**2 + 2*u - 2. Suppose 70 - 78 = -4*w, 4*k = -w - 14. Let h(x) = k*c(x) - 5*n(x). Give h(3).
7
Let c(t) = 4*t - 8. Suppose 3*n - 262 = 2*v, -4*v - 124 = -3*v - 5*n. Let p = v - -138. What is c(p)?
8
Let d(p) be the first derivative of p**3/3 + 3*p**2/2 + p - 15. Let y(w) = 2*w**2 + 5*w + 2. Let z(r) = -7*d(r) + 3*y(r). What is z(-4)?
7
Let p(d) = 2*d**3 + 41*d**2 + 56*d - 12. Let o be p(-19). Let n(v) be the third derivative of 0*v + 0 - 4*v**2 + 0*v**3 + 1/24*v**4. Give n(o).
7
Let t = 454 - 442. Let g be -2*t/(-8)*(-3)/(-9). Let a(c) = -3*c + 4. What is a(g)?
1
Let u be ((-18)/4)/((-407)/44 + 10). Let j = -20 + 32. Let k(r) = -r**2 + 10*r + j*r - 29*r - 8. Determine k(u).
-2
Suppose f + 364 = u, 5*u - 154 = 3*f + 1672. Let d = u + -364. Let m(g) = g - 10. Give m(d).
-7
Let i(x) = -2*x**2 - 6*x - 3. Suppose 6*o + 110 = 17*o. Suppose o*n = 6*n. Suppose n = 6*w + 9*w + 60. Give i(w).
-11
Let x(z) = z**3 + 5*z**2 + 4*z - 2. Let a(k) be the first derivative of k**4/4 - k**3/3 - k**2/2 - 8*k - 7. Let s be a(4). Suppose 15*p + s = 6*p. Give x(p).
-2
Let a = -644 - -638. Let f(s) be the third derivative of 7/24*s**4 + s**2 + 0*s + 0*s**3 + 1/60*s**5 + 0. Calculate f(a).
-6
Let y(r) = r - 25. Let l(h) = -h**3 - 9*h**2 - 10*h + 10. Let u be l(-7). Calculate y(u).
-43
Let j(h) = 4*h + 1. Let n(b) = -19*b. Let a(p) = -5*j(p) - n(p). Let y = 9 - 15. Determine a(y).
1
Let q(u) = -3*u + 1. Let o be (-25)/(-10) + (-4)/8 + 2. Suppose g + g = -m + 33, 8 = 2*g - o*m. Suppose -g*f + 2 = -13*f. Determine q(f).
-5
Let n = 7652 + -7675. Let w(t) = t - 38. Determine w(n).
-61
Let w = -228 - -385. Let x = w + -152. Let s(t) = -2*t + 2. Give s(x).
-8
Let b(m) = 1894603*m + 343 - 94 - 1894637*m. Calculate b(7).
11
Let o(c) be the first derivative of c**2 - 4*c - 1. Let x = -111616 + 111616. Calculate o(x).
-4
Let l = -70 - -85. Suppose -5 + l = -5*v. Let r(f) = -2*f - 4*f**2 + 488 - 488 - 2*f**3. What is r(v)?
4
Let f(v) = -v**3 + 11*v**2 + v + 4. Let t = 152 + -476. Let x = 335 + t. Calculate f(x).
15
Let b(t) be the second derivative of 1/6*t**3 - 1/20*t**5 - 1/12*t**4 + 49*t + 4*t**2 + 0. Suppose 0 = 4*c - r + 3, -4*c - 4*r + 3*r = -3. Calculate b(c).
8
Let s(a) be the first derivative of -3*a**4/2 - a**3/3 + a + 1. Let z(x) = -1. Let d(q) = -5*q - 16. Let k(i) = d(i) - 2*z(i). Let p be k(-3). Calculate s(p).
-6
Suppose -2*r + 2 + 28 = 4*t, -5*t = 3*r - 43. Let w(o) = -7*o + 72. Let g be w(r). Let k(d) = -d**3 - 5*d**2 + d - 6. Calculate k(g).
-11
Let z(v) be the first derivative of 9 + 82 - 97*v**2 - 2*v + 191*v**2 - 91*v**2. Calculate z(-2).
-14
Let n(o) = -2*o**2 + 11 - 5 - 4 - 5 + 5*o. Suppose 4 - 6 = -3*r - 2*q, -3*r + q + 17 = 0. Suppose 7*m = r*m + 9. Give n(m).
-6
Let r(y) = -5*y**2 + 2*y - 4. Let u(v) = -v**2 - v. Let o(n) = r(n) - 3*u(n). Let g(w) = -w**3 + w**2 + 236*w + 3. Let a be g(0). Calculate o(a).
-7
Let w(v) = -11*v**3 - 20*v**2 + 44*v + 39. Let d(z) = -5*z**3 - 10*z**2 + 21*z + 19. Let c(j) = 13*d(j) - 6*w(j). What is c(9)?
13
Let g(k) = 3*k**3 - 18*k**2 + k - 31. Let i(m) = -4*m**3 + 27*m**2 - m + 46. Let o(y) = -7*g(y) - 5*i(y). Let x be (-176)/8 - (-13)/1. Calculate o(x).
5
Suppose 2*z + 5*j = 18, -5*z + 8*j = 13*j. Let h(s) = -s**2 + 8*s - 2. What is h(z)?
-86
Let w = 4 - 10. Let d(a) = 19*a**3 - 6*a**2 - 11*a - 17. Let v(b) = -50*b**3 + 15*b**2 + 29*b + 45. Let m(r) = -21*